8) - -7 - 1?
3
Evaluate 9 + 22 + (8 + -7 - (5 - -4)).
23
-120 - -90 - (8 + -34)
-4
What is the value of -48 + (23 - (46 - 65))?
-6
0 + 9 + 0 - (-325 + 353)
-19
0 + -10 - (8 - (5 + 7))
-6
Calculate (-8 - 2) + (6 - -5) - (-2 + 8).
-5
136 + -133 - (-3 - (0 + -2)) - 4
0
What is the value of (3 - (12 + 0)) + (1 - (1 + -6))?
-3
Evaluate (172 - 172) + (2 - -1 - -7) + 20.
30
What is (-6 + -13 - -22) + 3 + 1 + -38?
-31
Evaluate 1 + 0 - (-353 - -352).
2
-315 + 314 - (0 - 19) - 3
15
Calculate (-8 - -14) + -14 + (7 - (4 - -3)).
-8
What is 12 - (-152 + 122 + 3 + 3)?
36
What is the value of (18 - 5) + (-5 - 4) + -7?
-3
Calculate 9 + (-1 - ((11 - 3) + -10)).
10
Evaluate -1 + (-7 - -2) + (-1 - (-6 + 5)).
-6
Evaluate -26 + 17 - (-5 + -15).
11
What is the value of -7 + 2 + -1 + 14 + 22 + -21?
9
What is the value of -35 + 33 + -3 + (10 - -1)?
6
-26 + 2 + -445 + 449
-20
What is 0 + (3 - -2) - (10 - 18)?
13
Calculate -10 + 6 + (4 + (-3 - -2) - -13).
12
What is the value of -9 - (0 - 2) - (87 - 95)?
1
What is the value of -6 + (-34 - -8 - -22)?
-10
Evaluate (7 - -5) + (-10 - -4) + -8.
-2
What is the value of (-22 + 28 + -4 - (-2 - 4)) + 7?
15
35 + (22 - 75) - -37
19
What is (401 - 374) + 0 + -9?
18
-1 + 12 - (202 - 179)
-12
What is -6 + -21 + 39 + -23?
-11
Evaluate 286 + -286 + (-2 - 0 - -1).
-1
What is the value of 18 - (-12 + 18 + 0)?
12
16 + 10 + -21 + 3
8
Evaluate (12 - 2) + 3 + (0 - -5) + -6.
12
Calculate 3 + (-8 - (5 + -5)).
-5
What is -14 - (19 + -61) - 38?
-10
-2 + (3 - (12 - (3 - -1)))
-7
Calculate 11 + -6 + (-61 - -5) + 30 + -18.
-39
-28 + 10 + -4 + -1 - -7
-16
-5 + 1 - (8 - (-13 + (-6 - -34)))
3
What is 1 + (-18 + 23 - -8)?
14
What is 1 + -25 - 17 - (0 + -10)?
-31
Calculate -14 + 5 + (4 - 4) + 25 + -15.
1
8 - ((-4 - -2) + 62 + (1 - 23))
-30
Evaluate -5 + (-40 - -37 - (5 + -2 - 7)).
-4
Evaluate 6 - (-1 - (-15 - -9 - -11) - -15).
-3
What is the value of 4 + (-6 - 11) + 17?
4
What is -121 - -128 - (-2 + -1)?
10
What is the value of -3 + -3 - (0 + (-2 - 4))?
0
32 + (-38 - -7 - 23)
-22
Calculate -26 - (-5 + (-8 - (6 + -15 + 3))).
-19
Calculate (9 - (11 + -12)) + (-1 - 14).
-5
-12 - ((0 - (16 - 16)) + -3)
-9
What is the value of 10 + -7 + 11 + -12 + -4?
-2
Evaluate (0 - -2) + -5 - 4 - -7.
0
Evaluate -6 - (9 + -12 + -14) - 6.
5
(-2 - ((13 - 11) + 3)) + 7
0
Calculate 182 - 188 - (0 - 1) - -3.
-2
What is the value of (10 - -8 - 16) + 8?
10
Evaluate -11 + -15 - -26 - (-39 - -4).
35
1 + -40 + (22 - 3) + (0 - -1)
-19
Evaluate -8 + 31 - (-14 + 1 + 14).
22
What is (39 - 40) + -6 + 5 + (5 - -1)?
4
What is (5 - -3 - 7 - 4 - -6) + 12?
15
What is the value of (1 - -4 - 10) + (-10 - -39)?
24
Calculate 16 + 2 + -16 + 4 + (-1 - 3).
2
What is (-9 - -13) + -18 + 4 + (-3 - -1)?
-12
What is (-5 + -1 - (4 - 18)) + (5 - 0)?
13
What is 10 + (-31 - (15 - 32))?
-4
Calculate (9 + -15 - -11) + (-1 - 5) + 4.
3
-19 + (-8 - -19) + (19 - -1)
12
What is (34 - 18) + (1 - (-6 - -3) - -1)?
21
Evaluate 21 - (14 + -19) - 9.
17
Evaluate 6 + (-8 - (3 + 2)) + -13.
-20
Calculate (5 - 1) + -71 + 75 + -1 + 1.
8
9 + -6 + -21 + 20 + -23
-21
What is the value of -5 + 2 + 12 + -6 + -5?
-2
What is -4 + 3 + (5 - (0 - -1)) + 7?
10
Calculate (0 - 0) + -30 + (49 - 20).
-1
Calculate 11 + (-8 - 18) + -11 + 43.
17
What is the value of 30 + -16 + -1 + -7?
6
Evaluate 1 + 6 + (6 + -12 - -1).
2
Calculate 7 + -3 - (3 - (-3 + -4 - 4)).
-10
Evaluate 17 + -35 + -32 + 62.
12
-109 + 101 + (-3 - (1 - 34))
22
Evaluate (5 - 2 - 7) + -1 - (-10 + 12).
-7
Evaluate 14 - (6 - (-1 - -32)).
39
What is (18 - 15) + -8 - (-9 + -3)?
7
What is the value of 3 + -5 + (-5 - (-13 + 6))?
0
(15 - (27 + -11 - 11)) + -36
-26
-137 - -120 - (-16 + 0)
-1
Evaluate -17 + -8 + 17 - ((4 - 5) + -10).
3
What is 24 + -17 - -22 - 43?
-14
11 + (0 - -28) + -19
20
Calculate -25 - ((15 - 47) + 17).
-10
What is (-5 - -24) + (-4 - 3) + -3?
9
Calculate 5 + (-2 - -2) - 1 - (-794 + 799).
-1
Evaluate 5 + (-1 - -7 - 7 - 4).
0
What is the value of 12 - 14 - -12 - 8?
2
Calculate 1 + -2 - 16 - (-369 - -363).
-11
Calculate (937 - 912) + 0 + 0.
25
Evaluate 0 - (-2 - -5) - -17.
14
What is the value of -6 - ((-2 + 10 - 10) + -6)?
2
Evaluate (1 - 33) + 3095 + -3098.
-35
What is the value of 9 + -4 - (-6 - (3 - 8)) - -3?
9
46 - 37 - (-6 - -4 - 11)
22
-2 + (0 - -3) + 154 + -178
-23
Calculate 0 + (0 - -11) + -15 - 16.
-20
Evaluate (-14 - -12) + 73 + -50.
21
-62 + -5 + 30 - (-11 + 0)
-26
What is the value of 3 - (-19 + 21 + -15)?
16
What is the value of (-4 - -10 - (13 + -4)) + 14 + -1?
10
-14 + -2 + 9 + 4
-3
Calculate (-27 - 5) + 9 + 14 - (3 - -14).
-26
What is ((-4 + 6 - -9) + -4 - 1) + 6?
12
What is 25 + (11 - 19) - -1?
18
What is (41 - 49) + (5 + -9 - (-13 - 0))?
1
(-1 - -2) + -10 + -331 + 317
-23
19 + -13 - -1 - 18
-11
Calculate (-8 - 1 - (0 - (3 - -1))) + 16.
11
What is the value of -5 - (-5 - (2 + (9 - 6) + 1))?
6
What is -6 + (0 - 19) + 14?
-11
Calculate (1 - -15) + -1 + 0 + (31 - 28).
18
What is (-7 - (2 - 1)) + (18 - (27 - 8))?
-9
What is -193 + 211 - (12 + 1)?
5
Calculate 5 + -6 + 1 + -2 + -4 - 6.
-12
-11 - (3 - -23 - 50)
13
Evaluate (-16 - (19 - 36)) + (2 - -3).
6
Evaluate 5 - (-15 + 5) - 18 - (-1 - -10).
-12
Evaluate 3 - (10 - (4 - (-5 - -7 - 1))).
-4
(-18 + 10 - 3) + -17 - -10
-18
What is the value of -87 + 100 + -2 + (1 - 2)?
10
0 + -7 + 15 + -25
-17
What is 18 + -4 + -6 - 9 - -28?
27
(-14 - (3 + 1 + -7)) + 8
-3
Evaluate (-1 - -6) + 2 + (3 + 1 - 0).
11
What is the value of (5 - 10) + 25 + -34?
-14
Calculate ((-5 - -9) + -1 - 1) + (36 - 24).
14
What is (-2 - 10) + 88 + -59?
17
What is the value of 18 - (-6 + 0 + (8 - -5))?
11
0 + 5 - (-16 + -5 - (-4 + -26))
-4
Calculate -10 + (16 - (15 - 10)).
1
What is the value of 22 - (11 + -7 + 14)?
4
Calculate (8 - 4) + (-24 - -16) - (1 + 5).
-10
-25 - 0 - (23 - (-1 - -19))
-30
Evaluate 7 - (23 + -3 + -8).
-5
Calculate -3 + -16 + (9 - 0) - 0.
-10
12 - (24 + -13) - (7 + 8)
-14
What is the value of -7 - (9 - 3 - 22) - -21?
30
-9 + 15 - (0 + 24) - (3 - 5)
-16
4 + (-24 - -43) + -2
21
Calculate 22 - (6 + -34) - (0 + (14 - 3)).
39
What is the value of -9 + 1 + (1 - -1) - (-876 - -896)?
-26
Evaluate (-29 - -36) + 5 + -1 + 21 + -1.
31
Evaluate -2 + 9 + 2 + -2 + -6 + -17.
-16
Evaluate -1 + (-10 - -3) + -3 + 5 + -8.
-14
Evaluate ((6 - -3) + 7 - 9) + 11 + -9.
9
What is the value of (-13 - -9 - 11) + -24 + 16?
-23
0 + -22 - (-26 + -10)
14
6 - 14 - (1 + -5 + 2)
-6
4 - ((-8 - -16) + (-1 - 4 - -4))
-3
Evaluate 10 + -2 + -3 + (21 - 22).
4
0 - (25 + -34 + (33 - 1))
-23
Evaluate (25 - 1 - 31) + (0 - 5) + 2.
-10
What is -19 + (5 - (0 + -2)) + 5?
-7
What is (-3 + 20 - 20) + 2?
-1
What is the value of -5 + (9 - (2 + -8))?
10
Evaluate -31 + (-44 - -37) + (-7 - -4) + 14.
-27
What is the value of (1 + -7 - (1 - 1)) + (361 - 355)?
0
What is the value of 24 + (12 - (18 + 3 + -14))?
29
-16 - (20 + (14 - 33))
-17
What is the value of -15 + (-7 + 47 - 17)?
8
What is -54 - -59 - (-2 + (2 - -2))?
3
What is the value of -2 + 0 + -77 + 64?
-15
Evaluate 5 + -6 + 6 + (16 - (11 - 6)).
16
Evaluate (12 - -8) + -18 - (0 + 7) - 10.
-15
-16 - 0 - (-58 - (46 + -72))
16
What is 4 - 22 - (-117 - -83)?
16
What is (-1 - 2) + (3 - ((-7 - -12) + -3))?
-2
-12 + 23 + -4 - 2
5
What is the value of (-6 - (-5 + 8 - 4 - 15)) + -34?
-24
Calculate (8 + 6 - 4) + 6 + -3.
13
(476 - 488) + (29 - 0)
17
-21 + 0 + 392 + -372 + (2 - 0)
1
What is the value of -18 + 14 + -3 - (-6 + 28)?
-29
What is the value of -15 + -21 + (-39 - -102)?
27
What is 14 - 2 - 11 - 3?
-2
What is (284 - 296) + (30 - 4)?
14
Evaluate (-19 - 0) + -10 + (-21 - -39).
-11
What is the value of (-6 - -1) + (130 - 124) + -2?
-1
What is the value of -6 + 4 + -3 + -1 - (0 + 2)?
-8
9 - (19 + -37 - -31)
-4
What is the value of -25 + 22 - (1 + 1)?
-5
What is the value of -4 - (-4 + (58 + -55 - (12 + 1)))?
10
Calculate -25 + (-63 - -73) + 0 + -1.
-16
What is the value of 8 + (-1 - 1) - ((-9 - -28) + -11)?
-2
What is the value of 2 + (-7 - 2) + (-13 - (-39 - -9))?
10
What is 7 + (-3 + 0 - (5 - (8 - 4)))?
3
12 + 19 + (-21 - 15)
-5
Evaluate (2 - -10) + -1 - (-46 - -50).
7
Calculate 31 + -7 + (-8 - (-5 - (-11 - -11))).
21
Evaluate -2 + -13 + -7 + 6 + (-6 - -6).
-16
Evaluate -7 - -4 - ((-57 - -69) + (0 - -8)).
-23
What is (-2 + -14 - -11) + -24 + -7 + 4?
-32
What is the value of (-2 - -4 - -2) + (-28 - -34)?
10
What is the valu